 - 5 = f. Suppose -f*t = -4*t - 64. Suppose -4*x - t = -268. What is the tens digit of x?
5
Let n = 31 + -224. Let v = 334 + n. Let c = -85 + v. What is the units digit of c?
6
Let s = 86 - 78. Suppose 0 = -3*q - 5*d + 382, 5*q - s*d = -3*d + 690. What is the tens digit of q?
3
Let w(u) = 497*u**2 - 13*u + 28. What is the thousands digit of w(2)?
1
What is the hundreds digit of 18/(-36) - (-4258)/4?
0
Suppose 2*i + 8 = -m, 6*m + 10 = m + 5*i. Let p(w) = -w**2 + 4*w + 6. Let c be p(m). Let y = c + 70. What is the units digit of y?
4
Suppose 2*k = -11*j + 6*j + 236, -4*k = -2*j - 520. What is the units digit of k?
8
Let h(g) = -7*g**2 + 7*g - 98. Let q(i) = 6*i**2 - 6*i + 97. Let a(y) = 5*h(y) + 6*q(y). Let k be a(0). Let x = -66 + k. What is the units digit of x?
6
Let j(x) = 4*x**2 - 16*x - 6. What is the units digit of j(-10)?
4
What is the hundreds digit of 6/8*56172/31?
3
Let k = -14 + 17. Suppose -4*s + 15 = k. Suppose 0 = -d - 0*d + w, s*d + 3*w = 6. What is the units digit of d?
1
Suppose 0 - 4 = -3*y - 4*p, 0 = 2*y + 4*p. Let l(g) = 15*g - 1. What is the tens digit of l(y)?
5
What is the units digit of ((-10924)/(-6))/(((-130)/(-15))/13)?
1
Let j be 212/(-26) - 12/(-78). Let b = j + 18. Let o = b - -30. What is the tens digit of o?
4
Let y(a) = a + 4. Let n be y(-2). Suppose 105 = n*s + 13. What is the tens digit of s?
4
Suppose -4*p = 5*d - 2*d, -2*d + 3*p = 0. Suppose d = 4*i + 3*i - 1568. What is the units digit of i?
4
Suppose -10*i + 3124 + 826 = 0. What is the units digit of i?
5
Let h = 5 - 19. Let l = -221 + 214. What is the units digit of l/h + (-17)/(-2)?
9
Let s be 45/10*8/(-3). What is the units digit of (-5)/(3 + 27) + (-2294)/s?
1
Let k = -5410 + 7582. What is the hundreds digit of k?
1
Let i(p) = p**3 + 24*p**2 - 40*p - 4. What is the units digit of i(-25)?
1
Let f(z) = -z**2 - 3*z. Let k be f(-4). What is the units digit of k/18 + 12186/162?
5
Let p(d) = d**3 + 11*d**2 + 22*d - 11. Let v be p(-8). Let n(z) = 10*z**2 - 21*z + 8. What is the units digit of n(v)?
3
What is the hundreds digit of (-16)/40*-1415*3/2?
8
Let d = -22 + 32. Suppose m + d = 3*m. Suppose -2*s + 4 + 48 = 3*f, -3*s = m*f - 86. What is the tens digit of f?
1
Let v(p) = 54*p**3 + 1. Let y be v(1). Suppose 11*h - 88 - y = 0. What is the tens digit of h?
1
Let x be (156/10)/((-3)/(-10)) - 0. Let k = x + 11. What is the tens digit of k?
6
Let s = 26 - 129. Let z = 158 + s. What is the tens digit of z?
5
Let v be (-2 - 1/(-2))*-4*77. Let w = v + -322. What is the tens digit of w?
4
Let c = 308 - -128. What is the hundreds digit of c?
4
Let m be 12/5 - (-4)/(-10). Suppose m*n = 5*n. Let a(k) = -k**3 - k**2 - k + 4. What is the units digit of a(n)?
4
What is the tens digit of (202/2*-1)/((-1)/4)?
0
Let y = -29 - -38. Suppose t - 14 = y. What is the tens digit of t?
2
Let s(c) = -c**2 + 9. Let l be s(-3). Suppose -36 + l = -2*a. What is the units digit of a?
8
Suppose g + 40 = 2*g. Let v(a) = 8*a - 8. Let t be v(8). Let u = t - g. What is the tens digit of u?
1
Suppose 3*z = -z - 20, -2080 = -5*j - 2*z. What is the tens digit of j?
1
Let d(m) be the third derivative of m**5/30 - 11*m**4/12 + 2*m**3/3 - 14*m**2 - 2. What is the units digit of d(13)?
6
Let b be (6*444/8)/(-1 - -2). Suppose 15*f - b = 6*f. What is the units digit of f?
7
Suppose 3 = m - 1. Suppose -5*a = -0*p + 2*p + 10, 2*a - 2*p + m = 0. What is the tens digit of a/13 + 132/13?
1
Suppose -87 = 5*t + 183. Let u = -21 - t. What is the tens digit of u?
3
Suppose 4*d - 11 + 3 = 0. Let g be ((-14)/(-21))/(d/(-3)). What is the units digit of (-4 - 1/g) + 25?
2
Let m(p) = p**3 + 18*p**2 - 5*p - 25. Let a be m(-18). Suppose -q - c - 2*c = 21, q = -2*c - 21. Let r = q + a. What is the tens digit of r?
4
Let u(s) = 109*s**2 + 5*s - 65. What is the tens digit of u(-6)?
2
Suppose 24*f - 12380 - 556 = 0. What is the hundreds digit of f?
5
Let n be 4*(-1)/(-6) - (-48)/36. Suppose -42 - 12 = -2*d. Suppose 0 = -h - n*h + d. What is the units digit of h?
9
What is the units digit of (1611/(-6) + -3)*(-4)/2?
3
Let s = 30 - 25. Suppose 0 = -s*m + 6*m - i - 144, i + 293 = 2*m. What is the hundreds digit of m?
1
Suppose -23 = -4*k + 17. Let y(x) = -3 - x**2 + k*x - 4*x**2 + x**3 - 14*x + 0*x**3. What is the units digit of y(6)?
9
What is the units digit of 1/(-6*(-4)/1464)?
1
Let q(d) be the third derivative of -d**6/60 - d**5/15 + d**4/24 + d**3/2 - 5*d**2. What is the units digit of q(-6)?
5
Let f(k) = k**2 + 3*k + 3. Let u be f(-2). Let r be (-7928)/24 + u/3. What is the units digit of (-4)/16 + r/(-8)?
1
Suppose 0*h - 3*h = -2*d + 608, 4*d - 3*h = 1222. Suppose -d = -8*f - 67. What is the units digit of f?
0
Let h = 152 + -110. Suppose 5*a = h + 98. What is the units digit of a?
8
Let b(h) = -6*h - 21. Let t be b(-4). Suppose t*f + 415 = 8*f. What is the tens digit of f?
8
Let w be 1*(-1 + 1 + 3). Suppose -2*j - 58 = -w*j. What is the tens digit of j?
5
Let m(w) = 2*w - 5. Let x be m(4). Suppose -985*i + 984*i + 26 = 0. Suppose -x*t - 3*v = -0*v - 123, -t + i = -2*v. What is the tens digit of t?
3
Suppose -2592 = -4*g - 4*d, 1609 = 4*g + 3*d - 981. What is the hundreds digit of g?
6
Let s be (-36)/(-15) + 8/(-20). Let d = -11 + s. Let z(f) = -3*f + 21. What is the tens digit of z(d)?
4
Suppose -q = -12 + 5. Let s be (-7)/q + -2 + 0. What is the tens digit of s/2*(-26)/3?
1
Suppose 0 = l - 2 - 2. Suppose -l*k + h + 534 = -447, 0 = 5*k + h - 1233. Suppose -4*q = -q + w - 147, 2*w - k = -5*q. What is the tens digit of q?
4
Let i(x) = x**2 - 11*x + 12. Let p be i(11). Let z = p - -31. What is the units digit of z?
3
Let o(s) = 67*s**2 - 6*s + 35. What is the tens digit of o(6)?
1
Let t be (-480)/6*15/(-6). Suppose f + 5*s - t = 0, -293 + 85 = -f + 3*s. What is the tens digit of f?
0
Let x(r) = 10*r**2 + 25*r - 34*r - r**3 - 2 + 18*r. What is the units digit of x(10)?
8
Suppose 56*j = 51*j + 405. Let k = j - -3. What is the units digit of k?
4
Suppose 740*b + 9444 = 744*b. What is the tens digit of b?
6
Let w = -636 - -1432. What is the hundreds digit of w?
7
Suppose -h + 0*h = -4*t + 3, 2*t - 7 = -5*h. Suppose -n - 1 = h. What is the tens digit of -1 + 2 + 24 + n?
2
Suppose 3171 = 2*s + j, -5*s - j + 7920 = -0*s. What is the units digit of s?
3
Suppose 5*h - 75 = 5*s, -s - h + 5 = 3*h. Let b = 33 + s. What is the tens digit of b?
2
Let f(b) = 3*b - 27. Let r be f(11). What is the units digit of 1*(r/33 + (-471)/(-11))?
3
Let l = 453 + -451. Let y be (-1 - 1*-2) + 59. Suppose 10 = -2*d, -2*h - 2*d + y = l*d. What is the tens digit of h?
4
Let v(b) be the third derivative of 0*b + 0 - b**3 - b**2 + 1/24*b**4. What is the units digit of v(12)?
6
Suppose 0 = -2*u + 4, -11 = -3*b - 3*u + 19. Suppose b*f = 11*f - 195. What is the units digit of f?
5
Let l = -54 - -59. Suppose -5*f - 6*g = -2*g - 1344, -4*f + 1068 = l*g. What is the units digit of f?
2
Let k(z) = 5*z + 35. Let w be k(-7). What is the units digit of 46 - w/((-2)/2)?
6
Suppose 3*o = b, 3*b = -5*o - 9 + 37. Suppose -3*j + 19 + 2 = 4*y, 3*j - 21 = 2*y. Suppose b*t = j*t - 30. What is the tens digit of t?
3
Suppose 3*u = -2*v - 19 - 366, 0 = 4*v + 20. Let o = -76 - u. What is the units digit of o?
9
Let y(t) = -86*t - 122. What is the hundreds digit of y(-3)?
1
Let g = -1 - -1. Let i be (-36)/(-60) + (-24)/(-10) - 0. Suppose g = -8*j + i*j + 40. What is the units digit of j?
8
Let z(p) = -11*p - 1. Let u be z(1). Let t = -7 - u. Suppose 0*l - 4*l - 3*f = -210, -t*l + 4*f = -247. What is the units digit of l?
1
What is the tens digit of (-20)/(-210) - (294180/(-63))/5?
3
Let u(i) = i**2 - 27*i + 184. What is the tens digit of u(50)?
3
Let z = 501 - 237. What is the tens digit of z?
6
Let s(n) = 203*n**2 + 8*n + 15. What is the tens digit of s(-2)?
1
Suppose 6*l - 21 = -3. Suppose -l*c + 0*c + 139 = z, 0 = 3*c - z - 143. What is the tens digit of c?
4
Suppose 3*h - 2457 = -3*v, -v - 3*h + 815 = -0*v. What is the tens digit of v?
2
Let q be (-2124)/(-14) - 14/(-49). What is the units digit of (-10)/(-4)*q/10?
8
Let l be (-1 + (-10)/(-6))*(-1431)/(-6). What is the tens digit of (-2)/(16/24) - l/(-1)?
5
Let i = 2 + 1. Suppose 8*p + 120 = 5*w + i*p, 97 = 3*w + 2*p. Suppose -4*m + w = -o + 4, 4*m + o - 23 = 0. What is the units digit of m?
6
Suppose 5*n + 46 = 5